11. Suppose z + 4*y - 104 = 0, 3*z - 104 = -l*y + 173. What is the tens digit of z?
8
Let b(h) = -h**3 + 34*h**2 - 17*h - 91. What is the thousands digit of b(29)?
3
Let z = -184 - -342. Suppose -515 = -3*g - 2*k, -3*k + z = g - 9. What is the units digit of 1*g - (11 + -10)?
2
Let h(i) = -8002*i + 364. What is the hundreds digit of h(-2)?
3
Suppose -4*p + 8 = -0*p. Suppose -3*i = -4*o - p - 1, -3*o = 0. What is the units digit of (-10*i/2)/(-1)?
5
Suppose -3*m + 23 = 71. What is the units digit of ((-1806)/(-16) - 0) + (-2)/m?
3
Suppose 5*o + 9633 = 2*w, 28*o - 33*o = -3*w + 14462. What is the units digit of w?
9
Suppose -5*u = -2*t - 155287, -2*t - 37815 = -2*u + 24301. What is the ten thousands digit of u?
3
Let f be 4 + (2 - (-28)/(-7)). Let h(o) = 136*o + 66. What is the units digit of h(f)?
8
Suppose 19*y - 18 = 3*m + 16*y, 2*y = -4*m - 18. What is the hundreds digit of 253 + 5 + 3 + m?
2
Let w(l) = 33*l**2 + 34*l - 37. Let s be w(12). Suppose -s - 997 = -6*u. What is the hundreds digit of u?
0
Let n(i) = i + 7*i**2 - 8*i + 6 + 0. Suppose 16 = -5*z + 9*z. What is the tens digit of n(z)?
9
Let g(l) = 2*l**3 + l + 13. Suppose 0 = 3*h + 2*q - 18, 3 = -3*q + 12. Let p be g(h). Suppose -35 = -2*k + p. What is the tens digit of k?
9
Let g(l) be the first derivative of -l**4/12 - 7*l**3/3 + 12*l**2 + 14*l - 8. Let v(k) be the first derivative of g(k). What is the tens digit of v(-13)?
3
Let k(q) be the first derivative of 5*q**3/3 - 3*q**2/2 - 2*q - 9. Let f be k(-3). What is the tens digit of f/(-14) + 4 - (-1756)/28?
6
Let x(d) = 1180*d + 11709. What is the thousands digit of x(29)?
5
Let s = -348 + 384. Let o be ((-9)/(-27))/((-2)/(-24)). Suppose 4*j + o*a = s, -a + 23 + 2 = 5*j. What is the units digit of j?
4
Suppose 0*c + 3*g + 15 = -4*c, c = g - 9. What is the hundreds digit of 14115/c*2/(-5)?
9
Let y(g) = 11*g - 76. Let z(f) = -3. Let x(p) = -y(p) + 5*z(p). What is the tens digit of x(-12)?
9
What is the thousands digit of (2744/(-14))/14 + 10445?
0
Suppose 6*o - 3*o = 15. Let w be -2 - ((20 - o) + -1). What is the tens digit of -3 - (193/(-2))/((-8)/w)?
9
Suppose 0 = 5*g + 4*o + 5397, 3*g + 2*o + 1807 = -1430. Let d = g + 756. What is the units digit of d/(-6)*2/1 + 1?
8
Let q be 110018/32 + 38/(-608). Suppose 4*f + q = 3*k, -f - 2297 = -2*k - 0*f. What is the units digit of k?
0
Let x be 24/10 + -2 + (-6848)/(-80). Suppose 4*a = -4*n + 520, 5*a + x = -4*n + 731. Suppose 5*y - 830 = -a. What is the hundreds digit of y?
1
Let d(m) = m**3 - 3*m**2 + m + 1. Let i be d(1). Suppose 3*f = 7*u - 2*u - 629, i = -u - 2. Let n = f - -326. What is the tens digit of n?
1
Suppose -69*y + 67*y + 6 = 0. Suppose -y*v = -154 + 52. What is the units digit of 2*v/8*2?
7
Let i be (1 + (-300)/8)/((-3)/(-6)). Let q = 281 + i. What is the tens digit of q?
0
Suppose 2 = 2*n, -3*s + 25331 = -2*n + n. What is the thousands digit of s?
8
Let a(w) = -59 + w - 22*w - 23*w - 3*w. What is the tens digit of a(-6)?
2
Let h(v) = -488*v - 533. What is the tens digit of h(-18)?
5
Suppose -6*m = 5*m - 74*m + 1150695. What is the hundreds digit of m?
2
Let v be ((-7)/(-4))/(8/(-96)). Let l = v - -24. Suppose -l + 33 = 3*i. What is the units digit of i?
0
Suppose 0 = 8*j - 12*j + 5*r + 50935, 63670 = 5*j - 5*r. What is the thousands digit of j?
2
Let o(f) = -2*f**2 + 68*f + 58. Let n be o(35). What is the hundreds digit of 4005/6*n/(-15) + 4?
5
Let m(j) = -j**3 + 2*j**2 - j + 11. Let f be m(3). Let c(x) = -371*x**3 + 2*x**2 - 2*x - 3. What is the tens digit of c(f)?
7
Let o = 58 - 38. Suppose 7*u = 3*u + o. Suppose 7*t = u*t + 54. What is the units digit of t?
7
Suppose -9*l = -8*l + 7. Let y(w) = -33*w - 37. Let r be y(l). Let h = r - 123. What is the tens digit of h?
7
Suppose -5*t = -9*t + 4. Let a be -1 - (t - 3 - 2). What is the units digit of a*3/(-9)*-33?
3
Let c(y) = -580*y**2 - 2*y + 1. Let l be c(1). Let j = 453 - 1273. Let w = l - j. What is the tens digit of w?
3
Let l(g) = -89 + 0*g + g + 53. Let c be l(-11). Let d = 79 + c. What is the tens digit of d?
3
Suppose 5*s + 357*k = 361*k + 113961, 3*s + 5*k - 68384 = 0. What is the ten thousands digit of s?
2
Suppose 47*d - 3*h = 45*d + 8911, -4*h = 20. What is the tens digit of d?
4
Let x be 6*1/(-2) - 4. What is the tens digit of (723 - (x + 7))*(-2)/(-6)?
4
Let y be (9/(-9))/(1/(-28)). Let n = y - -49. What is the tens digit of n?
7
Let a be 1551 + -1 - 8/(0 - 4). Suppose 6*i - 8 = a. What is the units digit of i?
0
Suppose 0 = 69*u - 22*u - 31*u - 37728. What is the units digit of u?
8
What is the units digit of 45042/8 + 80/(-320)?
0
Suppose 259*x - 260*x - 4*z = -2250, 0 = -4*x + 4*z + 9120. What is the hundreds digit of x?
2
Suppose 3*r = -4*k + 83804, 6*k - 47*r = -42*r + 125744. What is the units digit of k?
4
Let w = 3 - -8. Suppose 4*d = 0, -2*d + 20 + 28 = 3*t. Suppose -t*l = -w*l - 195. What is the tens digit of l?
3
Suppose 2*x = 4*v - 111384, -3*v + 0*v = 11*x - 83438. What is the thousands digit of v?
7
Let y(v) = v. Let a(n) = 65*n - 105. Let o(w) = a(w) + 15*y(w). What is the hundreds digit of o(6)?
3
What is the ten thousands digit of -12 - -29 - -12264 - -21?
1
Suppose n - 200 = -2*i, 77*i - 2*n - 400 = 73*i. What is the units digit of i?
0
What is the thousands digit of 1048/(-14)*490/(-20)?
1
Suppose 21 = -4*p + 61. Let f = -1 - p. Let l(c) = c**3 + 11*c**2 + 1. What is the units digit of l(f)?
1
Suppose 0*l - 27*l + 73791 = 0. Suppose -1222 + 4621 = 5*g - 2*z, l = 4*g + 3*z. What is the hundreds digit of g?
6
Let c(h) be the third derivative of 77*h**4/24 + 30*h**3 + 298*h**2. What is the tens digit of c(18)?
6
Suppose 2642*n - 2626*n = 209232. What is the tens digit of n?
7
Let s(f) = -19121*f + 6676. What is the thousands digit of s(-3)?
4
What is the thousands digit of ((-14)/8)/((-7)/28)*477?
3
Suppose -861 - 301 - 4607 = -g. What is the tens digit of g?
6
Suppose -63 = 2*f - 65. Let k(a) = -a**3 - 1. Let o(g) = 3*g**3 + g**2 + 2*g + 131. Let q(s) = f*o(s) + 2*k(s). What is the tens digit of q(0)?
2
Suppose 69 = -3*v + 93. Suppose v*x + 205 = 13*x. What is the tens digit of x?
4
Let n(u) be the first derivative of -19*u**5/120 - 2*u**4/3 + 4*u**3/3 - 15. Let o(h) be the third derivative of n(h). What is the tens digit of o(-5)?
7
Suppose -8*s = -30 - 10. Suppose 0 = 5*l - 3*q - 1956, -s*l + 6*q = 2*q - 1958. What is the hundreds digit of l?
3
Suppose 20*b + 18*b - 305970 = 7*b. What is the thousands digit of b?
9
Suppose 42*b - 37*b - 2120 = 0. Let m be (-174)/4*(-46)/69. Suppose b = 31*j - m*j. What is the tens digit of j?
1
Suppose 24*r - 116568 = 447552. What is the hundreds digit of r?
5
Suppose 1287*b + 7880 = 1295*b. What is the hundreds digit of b?
9
Let c be (-1*2)/((6/(-1))/12). Suppose -c*a - 3*x = x, 0 = 3*x + 6. Suppose 0*r - g - 32 = -a*r, -4*r + 5*g + 70 = 0. What is the tens digit of r?
1
Let a(u) = u**3 - 11*u**2 + 10*u - 2. Let n be a(10). Let q be ((n - -2) + -1)*-5. Suppose -q*k + 722 = -423. What is the hundreds digit of k?
2
Suppose -4*a + 0*a = 2*l + 490, 3*a = -5*l - 385. Let n = a + 69. Let u = 186 + n. What is the hundreds digit of u?
1
Suppose t = 4*t - 2*d - 1401, 4*d - 467 = -t. Let c = -333 + t. What is the hundreds digit of c?
1
Suppose 0 = 3*f + 2*n + 103, 0*f + 5*f - 4*n = -179. Let p = f + 37. Suppose 4*a - 91 = h - 264, 390 = p*h + 3*a. What is the tens digit of h?
8
Suppose 376*h + 3 = 377*h. Suppose -4*f + 3*z + 960 - 20 = 0, 2*f - h*z = 476. What is the units digit of f?
2
Let z be (3/((-36)/4))/((-2)/24). Suppose -21 = z*y - 121. Let f = 47 + y. What is the tens digit of f?
7
Let t(m) = -300*m - 7856. What is the units digit of t(-96)?
4
Suppose 3*r + 51 - 336 = 0. Let i be (-3)/(-5) + 228/r. Suppose -3*m = 3 + 3, -2*m = -i*j + 412. What is the hundreds digit of j?
1
Let u(n) = -3*n + 45. Let l be u(11). Let p be 939 + l/3 - 4. Suppose 3*s = -3*y + p - 159, 1039 = 4*y + 5*s. What is the tens digit of y?
6
Let o(z) = 1399*z**3 + 10*z**2 - 43*z + 15. What is the hundreds digit of o(3)?
7
Suppose -1186837 = -46*k - 99719. What is the hundreds digit of k?
6
Suppose 0 = -n + 5*x + 10576, 5*n + 39*x - 52760 = 34*x. What is the units digit of n?
6
Let a(h) = 25*h**2 - h + 3. Let s(q) = 11*q**2 + 2. Let d(z) = 4*a(z) - 9*s(z). What is the tens digit of d(